. Suppose -14*o - 15 = -11*o. Calculate v(o).
-27
Let n(r) = 3*r**3 + 11*r**2 + 25*r + 13. Let v(x) = x**3 + 4*x**2 + 8*x + 4. Let l(i) = 2*n(i) - 7*v(i). Give l(-5).
3
Let t(b) be the second derivative of 1/6*b**4 - 5*b - 2*b**2 + 1/3*b**3 + 0. Calculate t(-3).
8
Let p(d) = -d - 9. Let m = -14 - -5. Let h = m + 2. What is p(h)?
-2
Suppose 10 = 5*c - 15. Let b be (-1 + 1)*(c + -4). Let a(x) = x - 1. Calculate a(b).
-1
Let d(c) = c**3 - 2*c**2 + c - 7. Let x be d(3). Let s(v) = -v**3 + 4*v**2 + 4*v + 6. What is s(x)?
1
Let b(c) = c**2 + 4*c - 10. Let t(l) = -l**2 - 3*l + 7. Let z(q) = 2*b(q) + 3*t(q). Suppose 0 = 3*p + 6 - 0. Calculate z(p).
-1
Suppose 33 - 73 = -v. Suppose 0 = -34*p + v*p - 30. Let l(j) = j**3 - 4*j**2 - 3*j - 6. Determine l(p).
4
Suppose o = -4*o - 2*v + 31, v = o - 2. Suppose -5*d + p - 20 = 6*p, 3*p - 28 = o*d. Let q(f) = -f**2 - 7*f - 5. Calculate q(d).
5
Let z(g) = g + 3. Let l be (7 - 6)/(2/(-178)) - -4. Let j = l + 83. Give z(j).
1
Suppose -84*j + 3 = -85*j. Let x(z) = -7*z + 2. What is x(j)?
23
Let t(k) = 8*k**2 + 3*k - 4. Let m(l) = 5*l**2 + 2*l - 3. Let x(j) = -7*m(j) + 4*t(j). Calculate x(-4).
-35
Let f(q) = -9*q**3 - 10*q**2 + 2*q + 3. Let j(x) = -4*x**3 - 6*x**2 + x + 2. Let s(m) = -3*f(m) + 5*j(m). What is s(1)?
7
Let w(c) = 6*c. Let n(a) = a - 4. Let r be n(5). Let g = r + 1. What is w(g)?
12
Suppose 0 = 5*h - g + 60, 0*h - 2*h = 3*g + 7. Let b be 5/20 - (-25)/(-4). Let t = h - b. Let r(z) = z**2 + 7*z + 4. Give r(t).
-6
Let w be 0/((-2)/(1/1)). Suppose -2*p - 3*l + w = 7, -p + 2*l + 7 = 0. Let n(d) = -11*d. Calculate n(p).
-11
Let n(i) = -2*i - 11. Let j be n(-7). Suppose 25 = -5*d, -7 = -j*x - 2*d - 2. Let p(l) be the first derivative of -l**2/2 - 6. What is p(x)?
-5
Let j(d) be the third derivative of -d**4/24 - 13*d**3/3 - 4*d**2. Suppose -3*z + 2*u + 0 = -8, 4*u = -16. What is j(z)?
-26
Let r(g) = -g. Let u(l) = -l**3 + 3*l**2 + 7*l + 4. Let z be u(-2). Let h(s) = s**3 - 10*s**2 - 2*s + 20. Let b be h(z). Give r(b).
0
Let p(n) = -n + 3. Let z be p(5). Let i(v) be the third derivative of -1/6*v**3 + 0 + 1/6*v**4 + 0*v + 16*v**2. Determine i(z).
-9
Suppose -7*o + 44 + 670 = 0. Let n be 34/o*1*(0 - 3). Let c(h) = -3*h - 2*h - 1 + h. Calculate c(n).
3
Let s(j) be the second derivative of -j**4/12 + j**3/6 - 16*j**2 - 34*j + 13. What is s(0)?
-32
Let o(h) = 5*h**3 - 3*h**2 - 4*h + 3. Let w(y) = 4*y**3 - 4*y**2 - 5*y + 3. Let n(a) = -5*o(a) + 6*w(a). Determine n(-8).
19
Let p(z) = 33*z + 19. Let a(k) = 72*k + 37. Let g(c) = 6*a(c) - 13*p(c). Calculate g(7).
-4
Let m(p) = -4*p**3 - p**2 + 1. Let f be m(-1). Let t(s) = s**2 - 3*s - 1. Give t(f).
3
Let x(i) = -24*i**2 + 7*i - 6*i + 20*i**2. What is x(-2)?
-18
Let l(t) = t**3 + 6*t**2 + 4*t - 7. Let i(r) = 5*r - 5*r**2 + 7*r**2 - 5 + 4*r - r**2. Let m be i(-9). Determine l(m).
-2
Let c = -6 - -12. Let s(m) = 16*m**3 - 38*m**3 + c*m + 14*m**3 + 6*m**2 + 1 + 9*m**3. Calculate s(-4).
9
Let m = -862 - -856. Let k(v) = -v**2 - 3*v + 11. What is k(m)?
-7
Let u be ((-1)/2)/((-1)/12). Let o(j) = 5*j + 13. Let g(z) = -6*z - 15. Let f(t) = 6*g(t) + 7*o(t). Determine f(u).
-5
Let v = -20 - -20. Let c(p) = v*p - 4*p - 4*p - 3 + 4*p. Suppose 5*a + 2 = 4*x, 6 = -3*x - a + 17. What is c(x)?
-15
Let q(p) = -3*p - 6*p**2 + 31*p**2 - 26*p**2 - 1 - 2*p**3. Give q(-2).
17
Let c(h) be the third derivative of 7*h**6/120 + h**5/60 - h**4/24 - h**3/6 + 14*h**2 - 8. Determine c(-1).
-6
Let g(x) = -2*x**3 - 3*x**2 + x + 3. Let f(d) = -2*d**3 - 3*d**2 + d + 1. Let b(l) = -3*f(l) + 2*g(l). Determine b(-3).
-21
Let m(r) be the third derivative of -1/3*r**4 + 1/60*r**5 + 14*r**2 + 0 + 0*r - 1/6*r**3. Calculate m(7).
-8
Let z(d) = 3*d + 96 - 219 + 124. Suppose a - 5*a - 4 = 0. Calculate z(a).
-2
Let x = -27 + 22. Let l(k) = -k + 4. Let h(c) = -c - 5. Let p(b) = 2*b + 5. Let d(r) = 3*h(r) + 2*p(r). Let f(i) = -5*d(i) - 6*l(i). Calculate f(x).
-4
Let t = 61 - 58. Let j(g) = 11*g**2 - g + g**3 - t + 2*g + 5 - 4*g**2. What is j(-7)?
-5
Let b(t) = t**2 + 6*t + 1. Let u = -27 + 45. Let q = 33 - u. Let z be -4 - (-5)/(q/(-6)). Give b(z).
1
Let w(t) = -3*t + 3. Let k(a) = -2*a + 2. Let v(b) = 4*k(b) - 3*w(b). Calculate v(4).
3
Let t(k) = 2*k + 3 + 0*k + 2*k. Calculate t(5).
23
Let n(v) = -v**2 + 6*v + 1. Let p = -6 - -10. Suppose 42 = p*m - 22. Suppose -6 = -3*f, -m = -5*o + o + 2*f. What is n(o)?
6
Let w(r) be the first derivative of -r**4/4 - 2*r**3/3 + r**2/2 + 74. Let l(d) = -d - 1. Let y be l(1). Calculate w(y).
-2
Let u(d) = 2*d - 10*d - 64*d**2 + 63*d**2 - 7. Give u(-6).
5
Suppose 0 = 6*a - 18 + 558. Let j = a + 93. Let t(q) = -2*q**2 + 5*q - 2. Determine t(j).
-5
Suppose -a + 0 - 9 = 0. Let w(j) = -13*j + 3. Let h(l) = -3*l + 1. Let s(c) = a*h(c) + 2*w(c). Give s(-5).
-8
Suppose -3 = -3*y, -4*x + x - 2*y - 37 = 0. Let k(m) = m**3 + 13*m**2 + 6. Let d be k(x). Let t(u) = -d*u - 5*u**2 - u**3 - 1 - 2*u**2 + 2 + 0. Calculate t(-6).
1
Let x(q) = -2*q + 3. Let k(w) = w - 1. Let f(l) = 6*l - 1. Let b = 9 + -7. Let y be f(b). Let n(j) = y*k(j) + 4*x(j). Calculate n(2).
7
Suppose -40*a + q = -38*a + 18, 24 = -2*a + 4*q. Let c(z) = -z**3 - 9*z**2 - 10*z - 10. Determine c(a).
6
Let z(n) be the third derivative of n**6/120 - n**5/15 - n**4/24 - n**3/2 - 14*n**2 + 166*n. Let b be 1/8*10*4. Calculate z(b).
17
Suppose 0 = t + 2 - 8. Let a(m) = 10*m - 16. Let d(v) = -3*v + 5. Let p(j) = 2*a(j) + 7*d(j). Calculate p(t).
-3
Let d = -47 - -41. Let i(z) = z**2 + 0*z**2 - 3 + 5*z + 0. Give i(d).
3
Let d(k) = 61*k**3 + 8*k**2 - 10*k - 56. Let w(x) = 11*x**3 + 2*x**2 - 2*x - 11. Let g(b) = 2*d(b) - 11*w(b). What is g(5)?
-6
Suppose 4*t + 2 = -18. Let p(l) be the third derivative of -l**4/8 - l**3/6 + 4*l**2. Let b(h) = -4*h. Let f(r) = 2*b(r) - 3*p(r). What is f(t)?
-2
Let l = 231 + -236. Let d(f) = f. Calculate d(l).
-5
Suppose -4*g - 28 + 80 = 0. Let q(p) = -p**3 - 5*p**2 + 7*p + 8. Let l be q(-6). Let y(j) = 0*j - j**l + 20 + 7*j - 12 - g. What is y(4)?
7
Let f(y) = y - 4. Let m be f(6). Let b(w) = w**3 - 3*w**m - w**2 - 125 - 4*w + 125. Give b(5).
5
Let q(u) = -6*u + 5 - 1 - u**2 + 2*u. Let o(g) be the second derivative of g**4/12 + 5*g**3/6 - g**2/2 - g. Let f be o(-4). Calculate q(f).
-1
Let z(y) = 2*y - 5 - 1 + y. Suppose l + 3*l - 46 = -2*n, -4*n - 25 = -l. Suppose l = -4*m + 37. Determine z(m).
12
Let o = 882 + -889. Let p(g) = g**3 + 6*g**2 - 8*g - 4. Give p(o).
3
Suppose -5*b = -16 - 29. Suppose 0 = 3*j + 2*s - 10, -b = 3*s + 3. Let n(z) = z**2 - 7*z + 2. Calculate n(j).
-4
Let r(k) = k**3 + 2*k**2 - 3. Let s be r(-2). Let j = s + 2. Let l(a) = -13*a**3 - a**2 + 1. Give l(j).
13
Let n(q) = q**2 + 10*q - 11. Suppose 0 = -9*p - 33 - 66. What is n(p)?
0
Suppose 0*l - a - 8 = -2*l, -3*a = l + 3. Let c be (-4 - 88/(-24))*6. Let n be (l*c)/(-3 + 5). Let s(b) = -b**2 - 1. Give s(n).
-10
Let r(y) = y**3 - 3*y**2 + y - 1. Suppose 38 = 2*v + 20. Suppose v = -3*w - 3*s - 0*s, -2*w - 4*s - 16 = 0. Give r(w).
-3
Let u be (5 - 4)/(3/42). Let i = 14 - u. Let m(k) be the first derivative of k**2/2 - 6*k + 3. Determine m(i).
-6
Suppose 0 = -12*x + 20*x + 40. Let l(g) = -g**2 - 5*g - 15. Give l(x).
-15
Let u(r) = -13 - 3 + r + 27 - 8 - 2. Determine u(-3).
-2
Let d be (-110)/(-60) + (-2)/(-12). Suppose -d*c = 4*c + 12. Let j(n) = n**2 + 4*n + 2. Give j(c).
-2
Let v(s) = -s**3 + 3*s**2 + 4*s. Let t(i) = -6*i - 25*i**3 - 9*i**2 + 28*i**3 - 5*i. Let o(z) = 3*t(z) + 8*v(z). Determine o(4).
12
Let s(f) = f - 7. Suppose a = -2*b + 19, 4*b - a - 8 = 3*a. Let c be s(b). Let r(n) = 0*n + c*n + 2*n + 4*n - n**2 + 6. What is r(6)?
6
Let i(a) = -7*a**2 + 4*a - 23. Let t(m) = -13*m**2 + 8*m - 43. Let o(r) = 11*i(r) - 6*t(r). Determine o(6).
17
Let x(f) = f - 5. Let m = -4 - 0. Determine x(m).
-9
Let q = -558 + 551. Let p(f) = -f**2 - 9*f - 12. Determine p(q).
2
Suppose 4*l = 51 - 7. Let s(u) = l - 9 + u + u. What is s(-6)?
-10
Let t(y) = 3*y - 1. Suppose -118 - 37 = -5*d. Let q = -36 + d. Let l = q - -6. Determine t(l).
2
Let q(z) = -1 - 567*z**2 + 566*z**2 + 8*z - z + 8 + 5*z. Determine q(13).
-6
Suppose -v - 5*y = -30, 15 = -0*y + 3*y. Suppose 16 = -v*a + 61. Suppose -s - d = -3*d + 11, s - a = -3*d. Let x(g) = -g. Calculate x(s).
3
Let x = 13 - 51. Let z = x + 28. Let w(l) = -l**3 - 11*l**2 - 9*l + 9. Calculate w(z).
-1
Suppose 2*d